{"id":3707,"date":"2020-07-10T09:38:28","date_gmt":"2020-07-10T08:38:28","guid":{"rendered":"https:\/\/ecolenotredame-saintvincentdeslandes.fr\/?page_id=3707"},"modified":"2020-12-16T15:53:21","modified_gmt":"2020-12-16T14:53:21","slug":"appel-au-don","status":"publish","type":"page","link":"https:\/\/ecolenotredame-saintvincentdeslandes.fr\/?page_id=3707","title":{"rendered":"Soutenir l&#8217;enseignement catholique"},"content":{"rendered":"<p><strong>Soutenez les projets des \u00e9coles catholiques en r\u00e9alisant un<span style=\"color: #ff6600;\"> don \u00e0 la Fondation de la Providence<\/span>.<\/strong><\/p>\n<p>Chaque donateur b\u00e9n\u00e9ficiera d&#8217;une <strong>r\u00e9duction d&#8217;imp\u00f4t sur le revenu<\/strong> :<\/p>\n<ul style=\"list-style-type: circle;\">\n<li>66% du don pour les particuliers<\/li>\n<li>60% du don pour les entreprises<\/li>\n<\/ul>\n<p>Vous pouvez affecter votre don \u00e0 <strong>un \u00e9tablissement<\/strong> particulier, en inscrivant son nom sur le coupon ( <strong>Ecole Notre Dame &#8211; Saint Vincent des Landes<\/strong>).<\/p>\n<p>Votre don nous permettra :<\/p>\n<ul>\n<li>d&#8217;offrir \u00e0 nos \u00e9l\u00e8ves un environnement \u00e9ducatif et p\u00e9dagogique porteur de sens : \u00e9quipement num\u00e9rique, sportif, projets culturels, scientifiques, projets pastoraux&#8230;<\/li>\n<li>de moderniser nos b\u00e2timents, de r\u00e9aliser nos travaux d&#8217;entetien et d&#8217;adpatation aux normes pour l&#8217;accueil de jeunes en situation de handicap&#8230;<\/li>\n<\/ul>\n<iframe src=\"\/\/docs.google.com\/viewer?url=https%3A%2F%2Fecolenotredame-saintvincentdeslandes.fr%2Fwp-content%2Fuploads%2F2020%2F07%2Fflyer-appel-au-don.pdf&hl=fr&embedded=true\" class=\"gde-frame\" style=\"width:100%; height:500px; border: none;\" scrolling=\"no\"><\/iframe>\n<p class=\"gde-text\"><a href=\"https:\/\/ecolenotredame-saintvincentdeslandes.fr\/wp-content\/uploads\/2020\/07\/flyer-appel-au-don.pdf\" class=\"gde-link\">T\u00e9l\u00e9charger (PDF, 1.49Mo)<\/a><\/p>\n<iframe src=\"\/\/docs.google.com\/viewer?url=https%3A%2F%2Fecolenotredame-saintvincentdeslandes.fr%2Fwp-content%2Fuploads%2F2020%2F07%2FPlaquette-appel-au-don-2018.pdf&hl=fr&embedded=true\" class=\"gde-frame\" style=\"width:100%; height:500px; border: none;\" scrolling=\"no\"><\/iframe>\n<p class=\"gde-text\"><a href=\"https:\/\/ecolenotredame-saintvincentdeslandes.fr\/wp-content\/uploads\/2020\/07\/Plaquette-appel-au-don-2018.pdf\" class=\"gde-link\">T\u00e9l\u00e9charger (PDF, 2.69Mo)<\/a><\/p>\n<p><span style=\"color: #333399;\"><strong>MERCI \u00e0 toutes les personnes qui soutiennent notre \u00e9cole et qui nous aident \u00e0 faire vivre ses valeurs \u00e9ducatives, p\u00e9dagogiques et pastorales au quotidien.<\/strong><\/span><\/p>\n","protected":false},"excerpt":{"rendered":"<p>Soutenez les projets des \u00e9coles catholiques en r\u00e9alisant un don \u00e0 la Fondation de la Providence. Chaque donateur b\u00e9n\u00e9ficiera d&#8217;une r\u00e9duction d&#8217;imp\u00f4t sur le revenu : 66% du don pour les particuliers 60% du don pour les entreprises Vous pouvez affecter votre don \u00e0 un \u00e9tablissement particulier, en inscrivant son nom sur le coupon (<\/p>\n<p><a href=\"https:\/\/ecolenotredame-saintvincentdeslandes.fr\/?page_id=3707\" class=\"more-link themebutton\">Lire la suite<\/a><\/p>\n","protected":false},"author":3,"featured_media":0,"parent":0,"menu_order":0,"comment_status":"closed","ping_status":"closed","template":"","meta":{"ngg_post_thumbnail":0,"footnotes":""},"class_list":["post-3707","page","type-page","status-publish","hentry"],"_links":{"self":[{"href":"https:\/\/ecolenotredame-saintvincentdeslandes.fr\/index.php?rest_route=\/wp\/v2\/pages\/3707","targetHints":{"allow":["GET"]}}],"collection":[{"href":"https:\/\/ecolenotredame-saintvincentdeslandes.fr\/index.php?rest_route=\/wp\/v2\/pages"}],"about":[{"href":"https:\/\/ecolenotredame-saintvincentdeslandes.fr\/index.php?rest_route=\/wp\/v2\/types\/page"}],"author":[{"embeddable":true,"href":"https:\/\/ecolenotredame-saintvincentdeslandes.fr\/index.php?rest_route=\/wp\/v2\/users\/3"}],"replies":[{"embeddable":true,"href":"https:\/\/ecolenotredame-saintvincentdeslandes.fr\/index.php?rest_route=%2Fwp%2Fv2%2Fcomments&post=3707"}],"version-history":[{"count":4,"href":"https:\/\/ecolenotredame-saintvincentdeslandes.fr\/index.php?rest_route=\/wp\/v2\/pages\/3707\/revisions"}],"predecessor-version":[{"id":3994,"href":"https:\/\/ecolenotredame-saintvincentdeslandes.fr\/index.php?rest_route=\/wp\/v2\/pages\/3707\/revisions\/3994"}],"wp:attachment":[{"href":"https:\/\/ecolenotredame-saintvincentdeslandes.fr\/index.php?rest_route=%2Fwp%2Fv2%2Fmedia&parent=3707"}],"curies":[{"name":"wp","href":"https:\/\/api.w.org\/{rel}","templated":true}]}}